ate the greatest common divisor of 9 and x.
3
Let y be 54/2*(-2)/(-6). Let o(t) = 2*t + 2. Let q(n) = n + 1. Let x(b) = -6*o(b) + 11*q(b). Let z be x(-4). Calculate the highest common factor of z and y.
3
Let c = 146 - 102. Calculate the greatest common divisor of 4 and c.
4
Let i(n) = -4 + 3*n**2 - 2*n**2 + 0*n**2 + 2*n. Let t be i(-4). Suppose -t*o + 80 = 4*w, 10 = 2*w + 4. Calculate the highest common divisor of 34 and o.
17
Suppose 25 = 11*o + 14. Calculate the greatest common factor of o and 8.
1
Suppose 59 = 8*g - 221. Calculate the greatest common divisor of 385 and g.
35
Let h(r) be the first derivative of 7*r**3/3 + r**2/2 + 4*r + 4. Let d be h(-3). What is the greatest common factor of 8 and d?
8
Let b be (-88)/(-14) + 6/(-21). Let k = 15 - b. What is the greatest common factor of k and 3?
3
Let k(y) = y + 1. Let l be k(-7). Let c = 38 + l. Calculate the greatest common factor of c and 8.
8
Let h(n) = -31*n**3 + 2*n**2 - 2*n + 1. Let m be h(1). Let x = -19 - m. Calculate the highest common divisor of 11 and x.
11
Let v = 3 + 13. What is the highest common divisor of 4 and v?
4
Suppose 0*w = -w + z + 2, 4*w + 3*z + 6 = 0. Let b be (w + 0)*(-4)/(-8). Suppose -a + 12 = -b*a. Calculate the highest common factor of 12 and a.
12
Suppose -t = t + 4*n - 4, -3*t + 27 = -n. What is the greatest common factor of 16 and t?
8
Let c be 1 - (0 + 0 + 0). Let x be 2 + c - (-5)/(-5). What is the greatest common divisor of x and 1?
1
Suppose -3*a + 4*i = i - 327, a - 5*i = 97. What is the highest common factor of a and 7?
7
Let o be (0 + -21)*24/(-9). Let f = 49 - -7. Suppose -4*q + f = -0*q. What is the highest common factor of o and q?
14
Let o(z) = -z**3 + 19*z**2 + 42*z + 22. Let a be o(21). Calculate the greatest common divisor of a and 44.
22
Let z(n) = 21*n - 21. Let f be z(7). Calculate the highest common divisor of f and 21.
21
Let n = 148 - 100. Calculate the highest common factor of 80 and n.
16
Let m(d) = -d**3 + 8*d**2 - 3*d - 15. Let r be m(5). What is the highest common factor of r and 5?
5
Suppose -47 - 23 = -5*b. Let n(c) = 11*c + 4. Let z be n(6). What is the highest common divisor of z and b?
14
Let b(s) = 19*s**2 + 1. Let m be b(1). Let h(d) = -2*d**3 - 3*d**2 + 7*d - 2. Let a be h(-4). Calculate the greatest common divisor of a and m.
10
Let i be -6 + -3*(-1)/3. Let s = 4 - i. Calculate the greatest common divisor of 36 and s.
9
Suppose 0 = 30*q - 26*q - 680. Suppose 0 = 3*t + 6, 2*n + t = 4*n - 70. What is the greatest common divisor of n and q?
34
Suppose -3*w - 107 = -338. Suppose -n = -4*t + 48, -t + 8 = -3*n - 15. Calculate the greatest common factor of t and w.
11
Let d be (-3)/(0 + -3) - -14. Let m be d*(0 + (-6)/(-9)). What is the highest common factor of m and 15?
5
Suppose q = -51 - 65. Let o be q/(-6) + 4/6. Suppose 2*d = -0*d + o. Calculate the greatest common divisor of 110 and d.
10
Let c = -5 + 7. Let r be ((-15)/3)/(c/(-44)). Let y(a) = a**2 + 7*a + 16. Let j be y(-6). Calculate the greatest common divisor of j and r.
10
Let u be (-9)/(-2)*(-20)/(-6). Let r = 5 - 1. Suppose 1 = p - r. What is the highest common factor of u and p?
5
Let j be 2/(-4)*133*2. Let g = j - -265. Calculate the greatest common factor of g and 12.
12
Suppose z - 5*c - 4 = -3*z, -3*z + c = -3. What is the greatest common divisor of 7 and z?
1
Let k(p) = p**3 + 6*p**2 + 3*p - 7. Let n be k(-5). Let f = n + 0. Suppose s + 40 = 4*o, 2*o - 15 - 23 = 5*s. What is the greatest common factor of f and o?
3
Let i be ((-16)/(-10))/((-96)/(-240)). Let q = 27 + 1. What is the highest common factor of q and i?
4
Let o(g) = -5*g + 56. Let b be o(-14). Calculate the highest common factor of 42 and b.
42
Suppose 5*p = 5*q - 135, -p = -q - 4*p + 31. What is the greatest common divisor of q and 42?
14
Let j(u) = u + 7. Let i be j(-6). What is the greatest common factor of i and 11?
1
Suppose -8*v + 105 = -5*v. Calculate the greatest common divisor of v and 7.
7
Let x(f) = -2 - 4*f - 1 + 2*f. Let y be x(-3). Suppose 16 = n + y*n. Calculate the highest common divisor of 8 and n.
4
Suppose j = 1 + 1. Suppose 0*z - 8 = -j*z. Let s be 1*197 + z + -3. Calculate the greatest common factor of s and 18.
18
Let y be 1/4 + (-15)/(-4). Suppose 81 = -y*v + 281. Suppose -l + 57 = 3*f, -3*l - 52 = -5*f + 57. Calculate the highest common factor of v and f.
10
Let k(g) = -2*g**3 - 3*g**2 - g. Let i be k(-2). What is the greatest common divisor of 66 and i?
6
Let n = 5 - -14. Calculate the greatest common divisor of n and 95.
19
Suppose 2*m = -2*m + 5*v, v = -3*m. Suppose m*u = -u + 96. What is the greatest common factor of 12 and u?
12
Let r be 6 + (-3)/(2 - -1). Suppose 0*h - r*h = -10. Let g(z) = -z**3 + 3*z**2 + z - 1. Let k be g(3). Calculate the highest common factor of h and k.
2
Suppose 4*p - b + 1702 = 0, -2*b - 2121 = -p + 6*p. Let z = -146 - p. Suppose -u + 0*s + 141 = s, s = 2*u - z. What is the greatest common factor of 20 and u?
20
Suppose 4*h - 21 + 5 = 0. Suppose -4*f + 3*r + 7 = 0, -3*f + 0*r + 2*r = -6. What is the highest common divisor of h and f?
4
Let r(i) be the third derivative of i**5/60 + i**4/24 - 2*i**3/3 - i**2. Let x be r(-3). What is the greatest common divisor of 16 and x?
2
Suppose -5*w = y - 28, 3*y + 1 = -0*w + 2*w. What is the highest common divisor of 27 and y?
3
Let f = 2 - 0. Suppose -4*p = 3*m - 138, f*p = -5*m - 0*m + 62. Let g = p - 26. Calculate the greatest common factor of 5 and g.
5
Let l = 244 + -108. Calculate the greatest common factor of l and 17.
17
Let j(q) = 11*q**3 - 2*q**2 - 2*q. Let s be j(2). What is the greatest common divisor of s and 19?
19
Suppose 4*q - q - 27 = g, 0 = q - 5*g - 23. Calculate the greatest common factor of 40 and q.
8
Let l = -6 - -1. Let w be (0/2 + l)*-3. What is the greatest common divisor of 15 and w?
15
Let t = 29 - 15. What is the highest common factor of t and 126?
14
Suppose 3*c + 2*c = 120. Let y(a) = -a**3 + 6*a**2 + 2*a + 1. Let l = 14 - 9. Let i be y(l). Calculate the highest common factor of c and i.
12
Suppose 25 = 2*w - 5. Let t(c) = -c**3 + 6*c**2 + 2*c + 3. Let l = -29 - -35. Let f be t(l). Calculate the highest common factor of w and f.
15
Let m(y) = -13*y + 17. Let d be m(-8). Let a be (-2)/(-4) - (-63)/6. Calculate the highest common factor of a and d.
11
Let x(y) = 242*y. Let r be x(1). Suppose -4*t + 78 = -r. Calculate the highest common factor of 16 and t.
16
Let s(c) = c**2 - 4*c. Let x be s(6). Calculate the highest common divisor of x and 96.
12
Let j be (1 - -3)*(-10)/(-1). Suppose g + g = 2. Let h be -3 + 2 - -17*g. What is the greatest common divisor of j and h?
8
Let t be 68/(-4)*(2 - 3). Calculate the highest common divisor of t and 187.
17
Suppose a + 2*b = 65, -3*a + 90 + 65 = -2*b. What is the greatest common divisor of 5 and a?
5
Suppose 0 = 2*z + 2*z - 12. Let l be 5/3 - (-1)/z. Let b be (-3)/(-6)*l*27. What is the highest common factor of b and 9?
9
Let f(d) = -d + 17. Let c be f(7). Suppose -3*r - t = -12, 4*r - c = 4*t + 22. Suppose 21 = r*y - 39. Calculate the greatest common divisor of 18 and y.
6
Let x(z) = -47*z - 9. Let o be x(-2). Calculate the highest common divisor of o and 5.
5
Let m = -10 - -45. Let u = 52 + -37. Let x be u/(-10)*(-84)/9. Calculate the highest common divisor of m and x.
7
Let c = 124 - 71. Let g = 139 + c. Calculate the greatest common factor of g and 24.
24
Suppose -4*n + 24 = -56. Suppose 4*a = 3*a - 2*g + 10, 0 = 4*a - 5*g - 1. Let v = n + a. Calculate the greatest common divisor of v and 16.
8
Let r(s) = s**2 - s + 16. Let p be r(-7). Suppose -i + 2*i = p. Let n be 6/(-2) + 2 + 19. What is the highest common factor of i and n?
18
Let g be -1*(-3 - -4) + 17. Calculate the highest common divisor of g and 96.
16
Let y = 24 - -16. Let l = -1 + 9. What is the greatest common factor of y and l?
8
Let u be (4/5)/(7/35). Let p be (24/u)/(2/2). Let v(c) = 3*c - 9. Let h be v(p). Calculate the greatest common divisor of h and 72.
9
Let s(d) = 10*d + 38. Let l be s(5). What is the highest common factor of l and 11?
11
Let v = -2 - -7. Let s(g) = 3*g + 3. Let t be s(v). Calculate the greatest common divisor of t and 45.
9
Suppose 11*c = 17*c - 60. Calculate the greatest common divisor of c and 10.
10
Let s(q) = 4*q**2 + 9*q - 5. Let z be s(5